
Is 3824879 a composite number?
False
Is 10400287 a prime number?
True
Is 10962109 a composite number?
False
Is 533573 prime?
True
Is 545114821 prime?
False
Is 8061143 a prime number?
True
Is 23927153 composite?
True
Is 10803119 prime?
True
Is 25146809 a prime number?
True
Is 12561613 a prime number?
False
Is 51113347 a composite number?
True
Is 934907 a composite number?
False
Is 9830539 prime?
False
Is 18265199 composite?
True
Is 91763609 prime?
False
Is 14884783 composite?
False
Is 22154537 composite?
True
Is 146760343 a prime number?
True
Is 1671421 a prime number?
True
Is 118519163 a prime number?
False
Is 5110841 a composite number?
True
Is 43989583 composite?
True
Is 98774729 a prime number?
True
Is 85263097 a prime number?
False
Is 13092517 a prime number?
True
Is 208694 composite?
True
Is 57692707 composite?
False
Is 2674169 prime?
True
Is 133722301 a composite number?
False
Is 3452543 a prime number?
True
Is 232040999 a composite number?
False
Is 1343671 a composite number?
True
Is 2569253 composite?
False
Is 39285661 a prime number?
True
Is 1337213 a composite number?
True
Is 45116983 a prime number?
True
Is 3049019 a composite number?
False
Is 905387737 a prime number?
False
Is 911255497 a prime number?
False
Is 6559933 composite?
True
Is 154751927 a composite number?
True
Is 3433767 a prime number?
False
Is 19124359 composite?
True
Is 33427991 a prime number?
True
Is 1050121 a composite number?
True
Is 5199757 prime?
True
Is 3427859 composite?
False
Is 244529 a prime number?
True
Is 3506929 composite?
False
Is 9694973 prime?
True
Is 523622119 a prime number?
False
Is 8011127 a prime number?
True
Is 104225831 composite?
True
Is 4015093 composite?
True
Is 21819169 a prime number?
True
Is 24420939 a prime number?
False
Is 20175065 a composite number?
True
Is 2017156937 a prime number?
True
Is 38079131 prime?
False
Is 2658437 a composite number?
False
Is 4035533 a prime number?
True
Is 23819183 composite?
False
Is 791773 a prime number?
True
Is 149312951 composite?
True
Is 4438339 a prime number?
True
Is 1516513 prime?
True
Is 1246069 prime?
False
Is 1454731 prime?
True
Is 217511155 prime?
False
Is 32391629 a composite number?
True
Is 130933543 a prime number?
False
Is 149636005 prime?
False
Is 4995857 composite?
True
Is 12348007 a prime number?
False
Is 39632813 a composite number?
True
Is 8445893 a prime number?
True
Is 3272567 a prime number?
True
Is 78760183 composite?
False
Is 2864851 a composite number?
True
Is 12415291 a prime number?
False
Is 20664889 prime?
False
Is 6765427 prime?
False
Is 66168589 a composite number?
False
Is 1038724387 a composite number?
False
Is 59715851 composite?
True
Is 34565071 prime?
False
Is 2502527 a composite number?
False
Is 16356947 a prime number?
True
Is 623803 a composite number?
False
Is 32091403 composite?
False
Is 421008317 prime?
True
Is 6891769 a composite number?
False
Is 442063 a composite number?
True
Is 191397153 composite?
True
Is 78728593 a prime number?
True
Is 33756043 composite?
False
Is 39675683 composite?
True
Is 877771 a composite number?
False
Is 5052463 prime?
False
Is 4955693 a prime number?
True
Is 10676221 prime?
False
Is 65519459 a prime number?
True
Is 13297369 composite?
False
Is 11843471 a composite number?
False
Is 83033791 composite?
True
Is 5870671 prime?
False
Is 14984183 composite?
True
Is 2920537 composite?
True
Is 9865055 composite?
True
Is 27747311 a prime number?
True
Is 770506811 composite?
False
Is 17476001 a composite number?
True
Is 24425493 composite?
True
Is 2445371 a composite number?
False
Is 4430941 a composite number?
False
Is 258455 prime?
False
Is 83040689 a composite number?
False
Is 13004297 composite?
False
Is 12726503 prime?
True
Is 68271299 a prime number?
True
Is 7671983 a prime number?
False
Is 3942227 composite?
False
Is 2987165 prime?
False
Is 849287 prime?
False
Is 799543 a composite number?
False
Is 40152813 a composite number?
True
Is 19067327 a prime number?
True
Is 1939981 a prime number?
False
Is 420927277 a composite number?
False
Is 21537427 a composite number?
False
Is 711367727 a prime number?
False
Is 812807 a composite number?
False
Is 68037181 composite?
False
Is 120413 a composite number?
False
Is 26449097 prime?
True
Is 2506501 composite?
False
Is 365063 prime?
True
Is 9278461 a composite number?
True
Is 16103929 prime?
True
Is 281593 composite?
True
Is 22105121 composite?
True
Is 1301506177 a prime number?
True
Is 374239 composite?
False
Is 758354 a composite number?
True
Is 2968381 composite?
True
Is 932413 a composite number?
False
Is 7784333 composite?
True
Is 5154673 a composite number?
False
Is 49076309 a composite number?
True
Is 1200061 a composite number?
False
Is 23619031 a prime number?
True
Is 67219657 a prime number?
False
Is 150011353 prime?
False
Is 256171 prime?
False
Is 715354021 a prime number?
False
Is 1890463 composite?
True
Is 6262591 a composite number?
True
Is 121594943 prime?
True
Is 11465491 a composite number?
False
Is 700621909 a prime number?
False
Is 592451 prime?
True
Is 1122623 composite?
False
Is 51910411 a composite number?
True
Is 22958107 a prime number?
True
Is 10910051 prime?
True
Is 4089667 a composite number?
True
Is 97796011 prime?
False
Is 881731 composite?
True
Is 36703609 composite?
True
Is 251526433 a prime number?
True
Is 3639813 prime?
False
Is 152132681 a composite number?
True
Is 7901947 a composite number?
False
Is 13831247 prime?
True
Is 1209707 a composite number?
False
Is 75030299 composite?
True
Is 333169 prime?
False
Is 16348453 a composite number?
True
Is 143142595 prime?
False
Is 3560341 a composite number?
True
Is 98869793 composite?
True
Is 7017239 a prime number?
True
Is 24893831 a composite number?
True
Is 488677229 a composite number?
False
Is 78359786 prime?
False
Is 468211 a composite number?
True
Is 52122433 a composite number?
True
Is 5438651 prime?
True
Is 50799887 composite?
False
Is 49539497 a prime number?
False
Is 390836965 composite?
True
Is 42953479 prime?
False
Is 12787169 prime?
False
Is 17439529 a prime number?
True
Is 16727707 a prime number?
True
Is 1395533 prime?
True
Is 1474633 a composite number?
False
Is 681130651 composite?
False
Is 257158637 a composite number?
False
Is 760063 a composite number?
False
Is 5038797 a prime number?
False
Is 15270499 a composite number?
False
Is 579107 a composite number?
False
Is 41195357 a prime number?
False
Is 6850529 prime?
False
Is 209259871 a prime number?
True
Is 2118281 composite?
True
Is 1376219 composite?
True
Is 2281973 a composite number?
False
Is 22054555 a prime number?
False
Is 24025997 prime?
True
Is 17017139 prime?
True
Is 84654217 prime?
False
Is 4886687 composite?
True
Is 599705693 prime?
True
Is 27311663 a composite number?
True
Is 863603 composite?
True
Is 13091753 a composite number?
False
Is 2904247 prime?
True
Is 20100985 prime?
False
Is 8593813 a prime number?
True
Is 489991907 a composite number?
False
Is 6361611 a composite number?
True
Is 311014297 composite?
True
Is 3270913 prime?
True
Is 160450181 a prime number?
False
Is 20082953 composite?
True
Is 22164173 composite?
True
Is 315279751 a composite number?
False
Is 478904033 prime?
True
Is 13180997 prime?
True
Is 128716603 a prime number?
False
Is 52955519 a composite number?
True
Is 37366015 prime?
False
Is 149484173 a prime number?
True
Is 1311503 a composite number?
False
Is 1019566 prime?
False
Is 54253469 prime?
True
Is 11605247 composite?
True
Is 56396341 composite?
False
Is 4640963 a composite number?
True
Is 1034753 prime?
False
Is 40182439 prime?
False
Is 141954799 composite?
True
Is 2877617 prime?
True
Is 784096699 prime?
True
Is 1059956607 a prime number?
False
Is 12160609 composite?
True
Is 112782139 a prime number?
True
Is 2916611 composite?
False
Is 8111351 a prime number?
False
Is 3829751 a prime number?
True
Is 882949 a prime number?
False
Is 3794537 a composite number?
False
Is 64681367 a composite number?
False
Is 26276993 a prime number?
False
Is 11217181 composite?
False
Is 590417 composite?
True
Is 577721 a composite number?
False
Is 24807215 prime?
False
Is 118007519 a prime number?
False
Is 5996563 a composite number?
True
Is 6705659 prime?
True
Is 8004487 composite?
False
Is 95687689 a composite number?